
5315
What is the highest common factor of 30728 and 105593?
23
Calculate the greatest common factor of 194555067 and 42.
21
What is the highest common factor of 9460 and 2316820?
220
What is the greatest common factor of 235680808 and 9008?
4504
What is the greatest common factor of 869388 and 858?
78
What is the highest common divisor of 1156 and 14323996?
1156
What is the highest common divisor of 408272 and 384560?
304
Calculate the highest common divisor of 9326495 and 45.
5
Calculate the greatest common factor of 359122 and 86506.
74
Calculate the greatest common factor of 62 and 652174652.
62
What is the highest common factor of 711 and 1537857?
9
What is the highest common factor of 1020705 and 287?
7
What is the greatest common divisor of 48465333 and 513?
171
What is the greatest common divisor of 1983610 and 5416?
1354
What is the greatest common divisor of 42802071 and 5031?
1677
Calculate the greatest common divisor of 2056 and 5281607.
257
Calculate the highest common factor of 357 and 2103189.
51
Calculate the greatest common divisor of 267548526 and 1078.
98
What is the greatest common factor of 718250511 and 38904?
4863
What is the greatest common factor of 3332 and 391412?
196
What is the greatest common divisor of 3016 and 3218536?
232
What is the greatest common factor of 69860932 and 2896?
724
What is the highest common divisor of 429915866 and 6294?
2098
What is the highest common divisor of 791360 and 19360?
160
What is the greatest common divisor of 12929186 and 190240?
2378
What is the highest common factor of 304 and 52002848?
304
Calculate the highest common divisor of 10989871 and 6018.
1003
Calculate the greatest common divisor of 1281938 and 159131.
889
Calculate the greatest common factor of 326209458 and 203.
29
What is the greatest common factor of 1894 and 374523348?
1894
Calculate the greatest common divisor of 519 and 570698455.
173
What is the greatest common divisor of 120 and 226315?
5
What is the highest common factor of 1204 and 151164436?
172
What is the greatest common factor of 81056 and 10722189?
2533
Calculate the highest common divisor of 3237394 and 1432.
358
What is the highest common factor of 6309226 and 212?
106
Calculate the greatest common factor of 890350000 and 9375.
3125
What is the highest common factor of 16 and 5295886?
2
What is the greatest common factor of 12292 and 6070492?
1756
Calculate the highest common divisor of 1593 and 1428921.
1593
Calculate the highest common factor of 7250945 and 676.
169
What is the highest common divisor of 3412 and 532173052?
3412
Calculate the highest common divisor of 3185 and 8822905.
455
Calculate the greatest common factor of 1314106 and 406.
58
What is the greatest common factor of 704 and 138363544?
88
What is the greatest common divisor of 911 and 14447549?
911
What is the greatest common factor of 1226 and 58185347?
613
Calculate the highest common factor of 3214 and 790679354.
3214
What is the greatest common divisor of 1841 and 54278203?
1841
What is the greatest common divisor of 1563925 and 180?
5
Calculate the greatest common divisor of 408 and 84603356.
68
What is the highest common divisor of 11601072 and 61200?
2448
Calculate the highest common factor of 288 and 20020736.
32
What is the greatest common divisor of 315419922 and 18?
18
Calculate the greatest common divisor of 1006234642 and 532.
266
Calculate the highest common factor of 210279300 and 4200.
2100
What is the highest common factor of 43587 and 1282059?
1503
What is the highest common divisor of 396200 and 22703675?
7075
Calculate the greatest common factor of 7980 and 1425.
285
What is the highest common divisor of 11704758 and 1248?
78
What is the greatest common factor of 1156521 and 81738?
717
What is the greatest common divisor of 18 and 17789303?
1
Calculate the greatest common factor of 765 and 20808000.
765
Calculate the greatest common factor of 105 and 4050840.
15
Calculate the highest common factor of 287053 and 116298.
923
Calculate the greatest common factor of 196 and 2297904.
196
What is the highest common divisor of 4028265 and 1155?
15
Calculate the highest common divisor of 191470 and 3760.
10
Calculate the greatest common factor of 1680 and 645890.
70
Calculate the greatest common divisor of 721 and 32907161.
721
What is the highest common divisor of 7090380 and 270?
90
Calculate the greatest common divisor of 328282 and 19114.
38
What is the highest common factor of 2837885 and 477?
53
Calculate the highest common divisor of 93888 and 984031.
163
Calculate the greatest common divisor of 3070 and 2791010.
10
Calculate the highest common factor of 60 and 54415940.
20
What is the greatest common factor of 1032253 and 1581476?
1789
Calculate the highest common factor of 31 and 28466029.
31
What is the greatest common divisor of 5590 and 3606590?
130
Calculate the greatest common factor of 163570 and 62990.
10
What is the highest common factor of 70 and 10026730?
70
What is the highest common factor of 249493 and 134289?
347
Calculate the highest common divisor of 25313552 and 704.
176
Calculate the greatest common factor of 207666 and 188901.
1251
Calculate the greatest common divisor of 318630 and 14755.
65
What is the greatest common factor of 102613 and 841876?
749
What is the highest common factor of 1214339 and 31114?
47
What is the highest common divisor of 337275733 and 226?
113
What is the greatest common factor of 3098 and 147549995?
1549
What is the greatest common factor of 1434703 and 59?
59
What is the highest common divisor of 71439214 and 154?
154
What is the highest common divisor of 59 and 901343?
59
What is the highest common divisor of 13882 and 9874?
2
Calculate the highest common factor of 79 and 472864.
1
What is the highest common factor of 5884 and 95508?
4
Calculate the greatest common divisor of 67522 and 138398.
26
What is the highest common divisor of 1558465 and 1325?
265
Calculate the greatest common factor of 21 and 281131.
1
What is the greatest common divisor of 4666 and 2258?
2
Calculate the highest common divisor of 9363343 and 1936.
121
Calculate the highest common factor of 8439 and 744281.
97
What is the highest common divisor of 54 and 221494320?
18
Calculate the greatest common factor of 328245 and 45.
15
Calculate the greatest common divisor of 3920015 and 495.
55
Calculate the highest common divisor of 9078804 and 1260.
252
What is the highest common factor of 99167 and 2887198?
757
Calculate the highest common factor of 34105500 and 1848.
132
What is the greatest common factor of 3377 and 2079?
11
Calculate the highest common divisor of 68592258 and 735.
147
What is the greatest common divisor of 1187 and 4299078974?
1187
What is the greatest common factor of 18004 and 617904?
28
Calculate the greatest common divisor of 21 and 83436003.
21
Calculate the greatest common factor of 150475 and 10225.
25
Calculate the greatest common divisor of 6314121 and 81075.
3243
What is the highest common divisor of 452205193 and 121?
121
Calculate the highest common divisor of 193643 and 14063.
41
What is the highest common factor of 3945012 and 11847540?
6252
Calculate the greatest common factor of 305343 and 22113.
27
What is the greatest common factor of 6177231 and 36?
9
Calculate the highest common divisor of 670 and 1013900.
10
Calculate the greatest common factor of 2920 and 12241840.
40
Calculate the greatest common factor of 4498560 and 3795.
165
What is the greatest common factor of 95 and 14479615?
95
Calculate the greatest common divisor of 10370178 and 8736.
546
Calculate the greatest common divisor of 2303 and 43847146.
329
What is the highest common factor of 258 and 36331474?
86
Calculate the highest common factor of 29560181 and 6517.
931
What is the greatest common factor of 22812024 and 48?
24
What is the greatest common factor of 70744023 and 72?
9
What is the greatest common factor of 6131016 and 629?
17
Calculate the greatest common factor of 1036 and 10965764.
148
Calculate the highest common divisor of 11949 and 50982969.
1707
Calculate the highest common factor of 115714534 and 1108.
554
Calculate the highest common divisor of 1152 and 6465384.
72
What is the greatest common divisor of 2602770 and 2